ve h(0).
54
Let o(v) = v**3 - 16*v**2 + 20*v - 259. What is o(16)?
61
Let q(a) = -21*a - 717. Give q(12).
-969
Let q(v) = 83*v + 480. What is q(-8)?
-184
Let p(d) = -24*d**3 + 2*d**2 - 6*d + 4. Give p(1).
-24
Let f(a) = -2*a**3 - 4*a**2 + 33*a - 12. What is f(3)?
-3
Let s(y) = y**3 + 9*y**2 - 12*y - 40. What is s(-9)?
68
Let x(h) = -h**2 - 136*h + 565. Give x(4).
5
Let g(t) = -t**3 - 6*t**2 + 36*t + 165. Give g(-8).
5
Let j(q) = 431*q + 16377. Give j(-38).
-1
Let l(u) = -6*u**3 - 95*u**2 + 20*u - 45. What is l(-16)?
-109
Let l(i) = -2*i**3 + 72*i**2 + 77*i - 43. Calculate l(37).
68
Let n(w) = w**2 + 92*w + 1487. Determine n(-71).
-4
Let q(s) = -528*s**2 + 22*s - 22. Determine q(1).
-528
Let f(w) = -18*w - 8. Calculate f(-8).
136
Let c(d) = 31*d + 2543. What is c(-82)?
1
Let w(u) = u**3 - 12*u**2 - 74*u + 59. Calculate w(16).
-101
Let g(a) = -a**2 + 37*a - 168. Calculate g(5).
-8
Let v(n) = -4*n**2 - 193*n - 747. What is v(-44)?
1
Let w(j) = 609*j - 74916. Calculate w(123).
-9
Let d(h) = 12*h**3 - 5*h**2 - 3*h + 1. What is d(1)?
5
Let a(p) = 4*p**2 - 100*p + 288. Determine a(3).
24
Let z(d) = -d**2 + 1563*d - 4681. Give z(3).
-1
Let u(k) = -4083*k - 134740. Determine u(-33).
-1
Let f(v) = 120*v + 1. What is f(0)?
1
Let h(g) = -2*g**3 + 53*g**2 - 119*g - 25. Give h(24).
-1
Let b(k) = 507*k + 5584. Determine b(-11).
7
Let b(o) = o**3 - 1591*o**2 + 4761*o + 16. Calculate b(3).
7
Let h(g) = -40*g - 678. Determine h(-17).
2
Let d(t) = t**3 + 24*t**2 - 94*t - 2264. Determine d(-24).
-8
Let p(x) = -x**2 - 13*x - 53. What is p(-7)?
-11
Let c(i) = -3*i**2 - 845*i + 3388. Determine c(4).
-40
Let w(a) = a**3 + 17*a**2 + 31*a + 42. Give w(-17).
-485
Let a(t) = -2*t**3 + 13*t**2 - 294*t + 2327. What is a(8)?
-217
Let g(i) = -2*i**2 + 34*i + 78. Determine g(19).
2
Let q(a) = -a**2 - 273*a + 2004. What is q(7)?
44
Let w(g) = 2*g + 50. Calculate w(1).
52
Let c(f) = -6*f**3 - 2*f + 3. What is c(2)?
-49
Let l(d) = -2*d - 28. Calculate l(-4).
-20
Let z(h) = 1131*h - 5686. Give z(5).
-31
Let l(a) = a**3 - 14*a**2 + 11*a + 76. Determine l(13).
50
Let p(z) = -3082*z + 18487. Determine p(6).
-5
Let f(b) = -b**2 - 38*b + 37. Give f(-39).
-2
Let s(z) = -z**3 - 15*z**2 - 61*z - 924. Determine s(-15).
-9
Let d(f) = -f**3 - 11*f**2 - 32*f + 13. What is d(-7)?
41
Let s(x) = x**3 - 16*x**2 - 57*x. Determine s(-4).
-92
Let u(h) = -6*h**3 + 4*h**2 - 56*h + 52. What is u(1)?
-6
Let t(h) = -h**2 - 17*h + 652. What is t(-35)?
22
Let a(l) = -l**2 - 66*l - 586. What is a(-12)?
62
Let g(c) = c**3 - 12*c**2 - c - 72. Calculate g(13).
84
Let b(n) = -346*n + 9715. What is b(28)?
27
Let h(p) = -243*p + 22351. Calculate h(92).
-5
Let y(r) = 2*r + 64. Determine y(-55).
-46
Let t(k) = -16*k + 180. Determine t(12).
-12
Let p(l) = -2*l**2 - 6*l + 186. Calculate p(-15).
-174
Let q(g) = g**2 + 1414*g + 5656. Determine q(-4).
16
Let k(u) = 1349*u + 16201. Give k(-12).
13
Let d(p) = -p**2 - 38*p + 616. Give d(-50).
16
Let v(m) = -22*m + 2155. What is v(99)?
-23
Let k(n) = -n**3 - 8*n**2 + 13*n + 43. Give k(-7).
-97
Let l(h) = 1403*h + 5. What is l(0)?
5
Let t(f) = 2*f - 27. Give t(13).
-1
Let n(h) = 156*h + 2066. Calculate n(-11).
350
Let s(u) = -8*u + 404. Determine s(53).
-20
Let v(b) = 2*b**3 + 39*b**2 + 14*b - 70. Determine v(-19).
25
Let x(f) = -55*f - 5995. Determine x(-111).
110
Let k(d) = 189*d + 1893. Give k(-10).
3
Let d(c) = -2*c**3 + 14*c**2 - 10*c + 15. Give d(4).
71
Let g(m) = m**3 + 15*m**2 + 25*m + 22. Determine g(-10).
272
Let o(j) = -j**3 - 38*j**2 - 102*j - 1346. What is o(-36)?
-266
Let d(o) = -379*o**3 - 3*o - 2. Determine d(-1).
380
Let l(c) = 6*c**2 + 201*c + 202. Give l(-1).
7
Let h(u) = -4*u + 208. Calculate h(-22).
296
Let q(g) = -g**3 + 17*g**2 - 62*g - 78. Give q(10).
2
Let a(i) = -7*i**3 - 2*i**2 + 4*i + 2. Determine a(-2).
42
Let g(x) = -x**3 + 8*x**2 - x - 33. Calculate g(6).
33
Let d(p) = -73*p - 12338. Determine d(-169).
-1
Let o(n) = -n**3 - 4*n**2 - 2*n + 1. Calculate o(-4).
9
Let f(b) = -24*b**2 + 7*b - 41. Calculate f(-5).
-676
Let n(l) = -2002*l + 16. Calculate n(0).
16
Let g(n) = -39*n**2 + 7*n - 9. Determine g(0).
-9
Let r(v) = 350*v - 2821. Calculate r(8).
-21
Let v(k) = 10*k**2 - 37*k + 2. Determine v(-3).
203
Let a(g) = g**3 + 18*g**2 + 68*g + 477. Calculate a(-15).
132
Let j(x) = x**3 - 21*x**2 - 97*x - 26. Determine j(25).
49
Let k(p) = -p**2 + 9*p + 3693. Calculate k(65).
53
Let f(s) = -2*s**2 - 10*s + 19. What is f(-9)?
-53
Let h(w) = 19*w - 204. Determine h(8).
-52
Let b(o) = -112*o + 1121. Give b(10).
1
Let z(y) = 2*y**3 + 2*y**2 - 51*y + 16. Give z(0).
16
Let c(h) = 27*h + 2112. Determine c(-80).
-48
Let v(w) = -119*w + 3344. Determine v(28).
12
Let k(y) = 8*y**2 - 83*y + 70. Determine k(9).
-29
Let v(d) = 655*d + 77289. Determine v(-118).
-1
Let p(b) = -b**3 + 169*b**2 + 1023*b + 4725. Give p(175).
0
Let k(h) = 73*h**2 + 10*h - 9. Give k(1).
74
Let m(w) = 147*w + 608. What is m(-4)?
20
Let a(r) = 4*r - 62. Give a(-14).
-118
Let z(q) = -8*q + 52. Give z(5).
12
Let u(t) = 289*t**2 - 19*t - 19. What is u(-1)?
289
Let b(w) = -w**3 + 58*w**2 + 407*w - 1473. Calculate b(64).
-1
Let q(n) = 2*n**3 + 137*n**2 - 73*n - 274. What is q(-69)?
2
Let b(l) = -6*l**2 - 28*l - 5. Give b(-5).
-15
Let n(d) = -1419*d + 8558. Calculate n(6).
44
Let j(a) = 16*a - 252. Calculate j(0).
-252
Let p(f) = 538*f - 14508. Calculate p(27).
18
Let b(p) = 352*p**3 + p**2 + 5*p + 6. Give b(-1).
-350
Let a(y) = 5*y**3 - 11*y**2 - 9*y - 10. Determine a(3).
-1
Let f(u) = 447*u - 446. Determine f(1).
1
Let y(p) = 2*p**3 - 114*p**2 - 119*p + 4. Determine y(58).
-170
Let u(p) = -p**3 - 26*p**2 - 3*p - 109. Determine u(-26).
-31
Let s(o) = 9034*o - 54199. What is s(6)?
5
Let n(q) = q**3 - q**2 + 2*q + 36. Calculate n(0).
36
Let c(k) = 13*k**2 + 6*k. Determine c(1).
19
Let x(a) = a**3 - 18*a**2 + 35*a + 2. Calculate x(2).
8
Let r(m) = m**3 + 559*m**2 + 18832*m + 2087. Calculate r(-523).
-5
Let y(q) = 36*q**2 + 9*q - 10. Calculate y(1).
35
Let t(o) = 680*o - 53709. Give t(79).
11
Let i(x) = -2064*x - 12387. Calculate i(-6).
-3
Let l(u) = -u**3 - 2*u**2 + 4*u + 12. Give l(-7).
229
Let l(s) = s**3 + 64*s**2 - 120*s - 126. What is l(-66)?
-918
Let t(g) = 65*g + 943. Give t(-15).
-32
Let r(m) = -12*m**2 + 61*m + 61. Give r(6).
-5
Let d(m) = m**2 - 27*m + 62. Give d(3).
-10
Let b(v) = -2*v**2 + 40*v - 499. Calculate b(12).
-307
Let d(n) = -n**3 - 13*n**2 + 51*n + 330. Determine d(-14).
-188
Let r(d) = -d**3 + 11*d**2 + 7*d + 25. Calculate r(10).
195
Let x(u) = -u**3 + 28*u**2 - 50*u - 52. Determine x(26).
0
Let z(v) = 37*v + 31. What is z(0)?
31
Let m(k) = -37*k + 377. What is m(9)?
44
Let c(y) = y**3 - 104*y**2 - 225*y + 1397. Calculate c(106).
19
Let b(m) = 2*m**2 + 101*m - 355. Calculate b(-49).
-502
Let n(i) = -9*i - 595. What is n(-65)?
-10
Let x(b) = 2*b + 13. Give x(-8).
-3
Let l(w) = 2*w**3 - 15*w**2 + 10*w - 38. Calculate l(7).
-17
Let f(y) = -y**2 + 34*y - 287. Calculate f(15).
-2
Let i(c) = -11*c - 359. Determine i(-26).
-73
Let t(c) = 378*c + 15488. Give t(-41).
-10
Let a(t) = 2*t**3 + 28*t**2 - 298*t - 87. Calculate a(-21).
-3
Let k(v) = -v**3 + 20*v**2 + 41*v - 268. What is k(21)?
152
Let m(o) = 3*o**3 + 74*o**2 + 41*o - 128. Determine m(-24).
40
Let c(y) = -11*y**3 - 28*y**2 + 54*y - 9. What is c(-4)?
31
Let m(k) = 2*k**3 - 184*k**2 + 3*k - 303. Calculate m(92).
-27
Let v(i) = 2*i**3 - 53*i**2 - 85*i + 26. Calculate v(28).
-2
Let t(z) = z**2 - 194*z + 7227. Determine t(144).
27
Let p(l) = -398*l - 2013. Calculate p(-5).
-23
Let t(q) = 2*q + 110. Calculate t(39).
188
Let x(j) = -95*j + 7332. What is x(77)?
17
Let y(p) = -p**2 + 85*p - 1647. Give y(63).
-261
Let u(c) = 707*c - 678. Give u(1).
29
Let z(v) = -v**2 + 56*v - 115. What is z(53)?
44
Let x(o) = -5*o**3 - 8*o**2 + 7*o + 27. Determine x(-3).
69
Let v(x) = -4*x**2 - 166*x + 88. Determine v(-42).
4
Let t(r) = -7*r**3 + 42*r**2 + 15*r - 105. Determine t(6).
-15
Let i(z) = -22*z - 20. What is i(6)?
-152
Let x(b) = -b**2 - b + 206. Determine x(-15).
-4
Let w(m) = -49*m**2 - 733*m + 77. What is w(-15)?
47
Let b(y) = 15*y + 525. What is b(-31)?
60
Let f(p) = -52*p + 159. What is f(7)?
-205
Let n(k) = k**3 + 4*k**2 + 5*k + 13. What is n(-4)?
-7
Let g(z) = -z**3 - 7*z**2 + 16*z - 5. Determine g(-9).
13
Let t(i) = -3*i**2 - 93